120 a factor of 238080?
True
Is 2 a factor of 1300085?
False
Is 167943 a multiple of 68?
False
Does 815 divide 17166345?
True
Is 4 a factor of 956?
True
Is 277056 a multiple of 39?
True
Is 68 a factor of 20821260?
True
Is 17 a factor of 14821254?
False
Is 857795 a multiple of 113?
False
Is 538 a factor of 3609442?
True
Is 11 a factor of 61215?
True
Is 391283 a multiple of 489?
False
Is 166484 a multiple of 833?
False
Is 40 a factor of 168117?
False
Is 268 a factor of 892250?
False
Is 89394 a multiple of 13?
False
Is 575 a factor of 785649?
False
Does 35 divide 362600?
True
Is 273 a factor of 2938572?
True
Is 148 a factor of 780913?
False
Does 10 divide 1872813?
False
Is 279290 a multiple of 4?
False
Is 211 a factor of 142249?
False
Is 2570436 a multiple of 46?
False
Does 31 divide 942772?
True
Is 54 a factor of 2737692?
True
Is 3 a factor of 3246954?
True
Is 10883891 a multiple of 167?
True
Does 910 divide 10514140?
True
Is 126 a factor of 11166246?
True
Does 98 divide 384160?
True
Does 3 divide 123750?
True
Does 282 divide 7023621?
False
Does 39 divide 19013396?
False
Does 17 divide 1177318?
True
Is 37 a factor of 2730637?
True
Is 180 a factor of 11389?
False
Does 1469 divide 399802?
False
Is 52140 a multiple of 102?
False
Is 447 a factor of 7838882?
False
Is 68 a factor of 22440?
True
Does 56 divide 12717936?
True
Is 14 a factor of 1614749?
False
Is 12 a factor of 24965?
False
Is 44820 a multiple of 36?
True
Does 16 divide 10218457?
False
Does 27 divide 66231?
True
Does 16 divide 315713?
False
Is 5 a factor of 6607125?
True
Is 6282 a multiple of 9?
True
Does 141 divide 6215823?
False
Does 73 divide 8973623?
False
Is 105859 a multiple of 221?
True
Does 4 divide 171480?
True
Is 11 a factor of 62589?
False
Is 202517 a multiple of 60?
False
Is 116 a factor of 48140?
True
Is 8849645 a multiple of 49?
True
Does 11 divide 2208888?
True
Does 11 divide 104424?
False
Does 82 divide 145316?
False
Does 8 divide 649188?
False
Is 1863940 a multiple of 65?
True
Is 104016 a multiple of 62?
False
Does 256 divide 107008?
True
Is 53 a factor of 2536314?
False
Does 4 divide 2263404?
True
Does 210 divide 201160?
False
Does 148 divide 5646219?
False
Is 7 a factor of 4476743?
False
Does 34 divide 13610472?
True
Is 256970 even?
True
Is 25 a factor of 42425?
True
Does 166 divide 2058400?
True
Does 14 divide 33908?
True
Does 19 divide 141242?
False
Is 5111435 a multiple of 472?
False
Is 13 a factor of 266653?
False
Is 355911 a multiple of 33?
False
Does 11 divide 53134?
False
Is 448 a factor of 7410816?
True
Is 88440 a multiple of 13?
False
Does 43 divide 1155503?
False
Is 8332210 a multiple of 170?
True
Does 19 divide 64335?
False
Does 10 divide 6795?
False
Is 27 a factor of 2482056?
True
Is 59675 a multiple of 5?
True
Is 10572 a multiple of 12?
True
Is 29608 even?
True
Does 93 divide 1659234?
False
Is 4 a factor of 192592?
True
Does 228 divide 193543?
False
Is 42 a multiple of 7?
True
Is 40 a factor of 19226520?
True
Is 508 a factor of 326644?
True
Is 118 a factor of 491942?
True
Is 274 a factor of 288442?
False
Is 37 a factor of 707218?
True
Is 758657 a multiple of 109?
False
Does 216 divide 1709424?
True
Is 335610 a multiple of 15?
True
Is 1683512 a multiple of 8?
True
Does 156 divide 2853766?
False
Does 49 divide 228830?
True
Is 98 a factor of 277678?
False
Is 840 a factor of 672727?
False
Is 17 a factor of 1773346?
False
Is 22 a factor of 158138?
False
Is 834680 a multiple of 220?
True
Does 85 divide 6173323?
False
Is 6 a factor of 187968?
True
Does 5 divide 6883675?
True
Does 62 divide 432884?
True
Is 227 a factor of 165710?
True
Does 14 divide 53816?
True
Does 157 divide 83681?
True
Is 2787929 a multiple of 27?
False
Does 6 divide 12520560?
True
Does 80 divide 157706?
False
Does 207 divide 4325849?
False
Is 5748238 a multiple of 99?
False
Is 177 a factor of 117705?
True
Is 11 a factor of 856834?
True
Does 34 divide 16388?
True
Is 73528 a multiple of 200?
False
Is 395500 a multiple of 350?
True
Does 16 divide 831648?
True
Is 1551593 a multiple of 17?
False
Does 30 divide 234712?
False
Is 9 a factor of 131625?
True
Is 188 a factor of 15479425?
False
Is 149127 a multiple of 11?
True
Is 81 a factor of 917082?
True
Does 101 divide 3022264?
False
Is 14 a factor of 814392?
False
Does 4 divide 135970?
False
Is 15 a factor of 998485?
False
Is 43449 a multiple of 7?
True
Does 209 divide 585079?
False
Is 67 a factor of 377523?
False
Is 340 a factor of 3606040?
True
Is 1106490 a multiple of 55?
True
Does 81 divide 287733?
False
Does 108 divide 19146888?
True
Does 34 divide 245154?
False
Does 46 divide 258298?
False
Is 423791 a multiple of 5?
False
Is 10 a factor of 799151?
False
Is 1061706 a multiple of 369?
False
Does 11 divide 122175?
False
Is 637 a factor of 116441?
False
Does 17 divide 1670199?
True
Is 13 a factor of 139919?
True
Does 60 divide 204909?
False
Does 22 divide 1832666?
True
Is 582930 a multiple of 15?
True
Is 193580 a multiple of 41?
False
Is 1082328 a multiple of 8?
True
Is 15240353 a multiple of 62?
False
Is 464 a factor of 7494880?
False
Does 370 divide 215324?
False
Does 20 divide 269571?
False
Is 18 a factor of 168876?
True
Does 53 divide 768500?
True
Does 39 divide 3091296?
True
Does 14 divide 360234?
True
Is 20 a factor of 2399627?
False
Does 167 divide 339177?
True
Does 4 divide 433748?
True
Is 33 a factor of 1576657?
False
Is 890784 a multiple of 432?
True
Is 8 a factor of 914736?
True
Is 417881 a multiple of 35?
False
Is 39 a factor of 1349595?
True
Is 168432 a multiple of 264?
True
Does 116 divide 295621?
False
Does 163 divide 562870?
False
Is 30 a factor of 142960?
False
Does 321 divide 694311?
False
Is 5 a factor of 91351?
False
Is 1766875 a multiple of 11?
True
Does 21 divide 342531?
True
Is 62 a factor of 752122?
True
Is 52 a factor of 47164?
True
Is 2145478 a multiple of 712?
False
Is 197157 a multiple of 220?
False
Is 1352 a factor of 2422378?
False
Is 30 a factor of 375257?
False
Is 144205 a multiple of 191?
True
Is 884741 a multiple of 23?
True
Is 1678308 a multiple of 4?
True
Is 35 a factor of 266525?
True
Does 91 divide 5112063?
False
Is 31 a factor of 133362?
True
Is 187955 a multiple of 64?
False
Is 2742409 a multiple of 622?
False
Is 136725 a multiple of 39?
False
Is 4 a factor of 70904?
True
Is 694625 a multiple of 10?
False
Does 637 divide 375747?
False
Does 64 divide 1303313?
False
Is 35 a factor of 750925?
True
Does 34 divide 19040?
True
Is 1350337 a multiple of 14?
False
Is 11445740 a multiple of 65?
False
Is 82 a factor of 351774?
False
Does 18 divide 2412900?
True
Is 42131 a multiple of 2?
False
Is 48 a factor of 8208?
True
Is 234 a factor of 40716?
True
Does 440 divide 309760?
True
Does 16 divide 150448?
True
Is 22 a factor of 3851144?
True
Does 6 divide 2019961?
False
Is 107830 a multiple of 10?
True
Is 1140637 a multiple of 732?
False
Is 347 a factor of 621130?
True
Is 144 a factor of 882144?
True
Does 34 divide 106522?
True
Does 63 divide 34461?
True
Is 14 a factor of 680448?
False
Does 8 divide 310600?
True
Does 39 divide 27295?
False
Does 24 divide 353592?
True
Is 9 a factor of 126618?
False
Does 73 divide 172864?
True
Is 753159 a multiple of 3?
True
Is 5350624 a multiple of 45?
False
Does 117 divide 714051?
True
Does 662 divide 807408?
False
Is 172 a factor of 138976?
True
Does 9 divide 151434?
True
Does 194 divide 1406500?
True
Is 21 a factor of 1069096?
False
Is 7 a factor of 405180?
False
Does 12 divide 27120?
True
Is 72 a factor of 1497773?
False
Is 132248 a multiple of 122?
True
Does 26 divide 324130?
False
Does 2 divide 11905?
False
Is 119 a factor of 100555?
True
Is 160335 a multiple of 19?
False
Is 11 a factor of 172322?
False
Does 45 divide 132657?
False
Is 3751 a multiple of 3?
False
Does 53 divide 2967758?
False
Is 23 a factor of 29440?
True
Does 41 divide 23299?
False
Is 191607 a multiple of 10?
False
Is 569 a factor of 9238284?
True
Is 101 a factor of 7740945?
False
Is 283560 even?
True
Does 1234 divide 5767709?
False
Is 1091475 a multiple of 441?
True
Is 13 a factor of 15474836?
True
Is 1622488 a multiple of 49?
True
Is 2044515 a multiple of 19?
False
Is 30 a factor of 37851?
False
Does 1204 divide 9391200?
True
Does 20 divide 4654840?
True
Does 39 divide 16692?
True
Does 86 divide 122808?
True
Doe